{"id":110,"date":"2013-09-05T23:02:26","date_gmt":"2013-09-05T21:02:26","guid":{"rendered":"http:\/\/www.danderydsbk.se\/?page_id=110"},"modified":"2026-02-19T21:05:46","modified_gmt":"2026-02-19T20:05:46","slug":"batplats","status":"publish","type":"page","link":"https:\/\/www.danderydsbk.se\/?page_id=110","title":{"rendered":"Hamnplats"},"content":{"rendered":"<p><img loading=\"lazy\" decoding=\"async\" class=\"size-medium wp-image-111 alignright\" style=\"line-height: 24px; font-size: 16px;\" src=\"http:\/\/www.danderydsbk.se\/wp-content\/uploads\/2013\/09\/ybom-300x209.jpg\" alt=\"ybom\" width=\"300\" height=\"209\" srcset=\"https:\/\/www.danderydsbk.se\/wp-content\/uploads\/2013\/09\/ybom-300x209.jpg 300w, https:\/\/www.danderydsbk.se\/wp-content\/uploads\/2013\/09\/ybom.jpg 400w\" sizes=\"auto, (max-width: 300px) 100vw, 300px\" \/><\/p>\n<p><span style=\"font-family: tahoma, arial, helvetica, sans-serif;\">Om du bor i Danderyd \u00e4r du v\u00e4lkommen att ans\u00f6ka om hamnplats (sommarplats) genom att klicka p\u00e5 l\u00e4nken nedan.<\/span><br \/><span style=\"font-family: tahoma, arial, helvetica, sans-serif;\">K\u00f6listan \u00e4r l\u00e5ng s\u00e5 r\u00e4kna med minst 5 \u00e5rs v\u00e4ntetid.\u00a0<\/span><span style=\"font-family: tahoma, arial, helvetica, sans-serif;\">K\u00f6platsen \u00e4r fr\u00e5n och med 2026 avgiftsbelagd med 350kr per \u00e5r. Denna avgift faktureras med hj\u00e4lp av dina kontaktuppgifer i <span style=\"font-family: Arial, Helvetica, sans-serif;\">B\u00e5tunionens Administrativa System (BAS)<\/span>. Erl\u00e4gger du inte avgiften enligt utsatt tid tappar du din k\u00f6plats.<\/span><\/p>\n<p><span style=\"font-family: tahoma, arial, helvetica, sans-serif;\">Ans\u00f6kan g\u00e4ller f\u00f6r sommarplats. Vinterplats p\u00e5 varvsplan f\u00f6r b\u00e5tar under 5 ton kan s\u00f6kas s\u00e5 fort medlemskap erh\u00e5llits.<br \/><\/span><br \/><span style=\"font-family: tahoma, arial, helvetica, sans-serif;\">Av h\u00e4nsyn till de som v\u00e4ntar kan du inte tacka nej till en plats och st\u00e5 kvar l\u00e4ngst fram i k\u00f6n<\/span><span style=\"font-family: tahoma, arial, helvetica, sans-serif;\">.<\/span><\/p>\n<p><span style=\"font-family: Arial, Helvetica, sans-serif;\">Du som k\u00f6ande ansvarar f\u00f6r att dina kontaktuppgifter \u00e4r uppdaterade i BAS. Om vi inte f\u00e5r svar vid utskick enligt utsatt tid tappar du din k\u00f6plats. <\/span><span style=\"font-family: tahoma, arial, helvetica, sans-serif;\">T\u00e4nk d\u00e4rf\u00f6r p\u00e5 att registrera en e-postadress som inte kommer \u00e4ndras de kommande \u00e5ren.<\/span><\/p>\n<p>F\u00f6r att st\u00e4lla dig i k\u00f6n <a href=\"https:\/\/bas.batunionen.se\/WaitingListExternalMemberDetail\/WaitingListExternalQueueList\/8krN5\">klicka h\u00e4r<\/a><\/p>\n\n\n<p><\/p>\n","protected":false},"excerpt":{"rendered":"<p>Om du bor i Danderyd \u00e4r du v\u00e4lkommen att ans\u00f6ka om hamnplats (sommarplats) genom att klicka p\u00e5 l\u00e4nken nedan.K\u00f6listan \u00e4r l\u00e5ng s\u00e5 r\u00e4kna med minst 5 \u00e5rs v\u00e4ntetid.\u00a0K\u00f6platsen \u00e4r fr\u00e5n och med 2026 avgiftsbelagd med 350kr per \u00e5r. Denna avgift &hellip; <a href=\"https:\/\/www.danderydsbk.se\/?page_id=110\">Forts\u00e4tt l\u00e4sa <span class=\"meta-nav\">&rarr;<\/span><\/a><\/p>\n","protected":false},"author":375,"featured_media":0,"parent":0,"menu_order":0,"comment_status":"open","ping_status":"open","template":"onecolumn-page.php","meta":{"_price":"","_stock":"","_tribe_ticket_header":"","_tribe_default_ticket_provider":"","_tribe_ticket_capacity":"0","_ticket_start_date":"","_ticket_end_date":"","_tribe_ticket_show_description":"","_tribe_ticket_show_not_going":false,"_tribe_ticket_use_global_stock":"","_tribe_ticket_global_stock_level":"","_global_stock_mode":"","_global_stock_cap":"","_tribe_rsvp_for_event":"","_tribe_ticket_going_count":"","_tribe_ticket_not_going_count":"","_tribe_tickets_list":"[]","_tribe_ticket_has_attendee_info_fields":false,"footnotes":"","_tec_slr_enabled":"","_tec_slr_layout":""},"class_list":["post-110","page","type-page","status-publish","hentry"],"ticketed":false,"_links":{"self":[{"href":"https:\/\/www.danderydsbk.se\/index.php?rest_route=\/wp\/v2\/pages\/110","targetHints":{"allow":["GET"]}}],"collection":[{"href":"https:\/\/www.danderydsbk.se\/index.php?rest_route=\/wp\/v2\/pages"}],"about":[{"href":"https:\/\/www.danderydsbk.se\/index.php?rest_route=\/wp\/v2\/types\/page"}],"author":[{"embeddable":true,"href":"https:\/\/www.danderydsbk.se\/index.php?rest_route=\/wp\/v2\/users\/375"}],"replies":[{"embeddable":true,"href":"https:\/\/www.danderydsbk.se\/index.php?rest_route=%2Fwp%2Fv2%2Fcomments&post=110"}],"version-history":[{"count":37,"href":"https:\/\/www.danderydsbk.se\/index.php?rest_route=\/wp\/v2\/pages\/110\/revisions"}],"predecessor-version":[{"id":837,"href":"https:\/\/www.danderydsbk.se\/index.php?rest_route=\/wp\/v2\/pages\/110\/revisions\/837"}],"wp:attachment":[{"href":"https:\/\/www.danderydsbk.se\/index.php?rest_route=%2Fwp%2Fv2%2Fmedia&parent=110"}],"curies":[{"name":"wp","href":"https:\/\/api.w.org\/{rel}","templated":true}]}}