{"id":469,"date":"2019-03-11T23:03:46","date_gmt":"2019-03-11T22:03:46","guid":{"rendered":"http:\/\/www.danderydsbk.se\/?page_id=469"},"modified":"2026-03-17T16:05:49","modified_gmt":"2026-03-17T15:05:49","slug":"regler","status":"publish","type":"page","link":"https:\/\/www.danderydsbk.se\/?page_id=469","title":{"rendered":"Regler"},"content":{"rendered":"<p><span style=\"text-decoration: underline;\"><span style=\"font-family: Arial, Helvetica, sans-serif;\"><span style=\"font-size: 14pt;\">K\u00f6 till hamnplats<br \/><\/span><\/span><\/span><span style=\"text-decoration: underline;\"><span style=\"font-family: Arial, Helvetica, sans-serif;\"><a href=\"http:\/\/www.danderydsbk.se\/wp-content\/uploads\/2019\/03\/queue.png\"><img loading=\"lazy\" decoding=\"async\" class=\"wp-image-470 alignright\" src=\"http:\/\/www.danderydsbk.se\/wp-content\/uploads\/2019\/03\/queue.png\" alt=\"\" width=\"149\" height=\"168\" srcset=\"https:\/\/www.danderydsbk.se\/wp-content\/uploads\/2019\/03\/queue.png 639w, https:\/\/www.danderydsbk.se\/wp-content\/uploads\/2019\/03\/queue-267x300.png 267w, https:\/\/www.danderydsbk.se\/wp-content\/uploads\/2019\/03\/queue-600x673.png 600w\" sizes=\"auto, (max-width: 149px) 100vw, 149px\" \/><\/a><\/span><\/span><br \/><span style=\"font-family: Arial, Helvetica, sans-serif;\">F\u00f6r att f\u00e5 hamnplats i Danderyds b\u00e5tklubb skickar du en ans\u00f6kan via <b>Ans\u00f6k om hamnplats<\/b> h\u00e4r p\u00e5 hemsidan. N\u00e4r det blir din tur i k\u00f6n kan du inte tacka nej till platsen utan att st\u00e4lla sig l\u00e4ngs bak i k\u00f6n igen.\u00a0<\/span><\/p>\n<p><span style=\"font-family: Arial, Helvetica, sans-serif;\">Du som k\u00f6ande ansvarar f\u00f6r att dina kontaktuppgifter \u00e4r uppdaterade i B\u00e5tunionens Administrativa System (BAS). Om vi inte f\u00e5r svar vid utskick enligt utsatt tid tappar du din k\u00f6plats. T\u00e4nk d\u00e4rf\u00f6r p\u00e5 att registrera en e-postadress som inte kommer \u00e4ndras de kommande \u00e5ren.<\/span><\/p>\n<p><span style=\"font-family: Arial, Helvetica, sans-serif;\">Det \u00e4r tyv\u00e4rr om\u00f6jligt att ange exakt datum f\u00f6r tilltr\u00e4de av hamnplats, ett system f\u00f6r &#8221;kontroll av k\u00f6plats&#8221; finns d\u00e4rf\u00f6r tillg\u00e4nglig via hemsidan i syfte att hj\u00e4lpa planera ev. ink\u00f6p av b\u00e5t.<\/span><\/p>\n<p><span style=\"font-family: Arial, Helvetica, sans-serif;\"><br \/><a href=\"http:\/\/www.danderydsbk.se\/wp-content\/uploads\/2019\/03\/members.png\"><img loading=\"lazy\" decoding=\"async\" class=\"wp-image-471 aligncenter\" src=\"http:\/\/www.danderydsbk.se\/wp-content\/uploads\/2019\/03\/members.png\" alt=\"\" width=\"311\" height=\"102\" srcset=\"https:\/\/www.danderydsbk.se\/wp-content\/uploads\/2019\/03\/members.png 815w, https:\/\/www.danderydsbk.se\/wp-content\/uploads\/2019\/03\/members-300x99.png 300w, https:\/\/www.danderydsbk.se\/wp-content\/uploads\/2019\/03\/members-768x253.png 768w, https:\/\/www.danderydsbk.se\/wp-content\/uploads\/2019\/03\/members-600x197.png 600w\" sizes=\"auto, (max-width: 311px) 100vw, 311px\" \/><\/a><\/span><span style=\"text-decoration: underline;\"><span style=\"font-family: Arial, Helvetica, sans-serif;\"><span style=\"font-size: 14pt;\">F\u00f6r medlemmar<\/span><br \/><\/span><\/span><\/p>\n<p>Nytt fr\u00e5n och med \u00e5r 2025 \u00e4r att Danderyds B\u00e5tklubb till\u00e4mpar Svenska B\u00e5tunionens Medlemssystemet BAS och det \u00e4r respektive medlems ansvar att h\u00e5lla samtliga uppgifter om medlemmen och b\u00e5t m m uppdaterade d\u00e5 detta system avses att nyttjas f\u00f6r kommunikation och fakturering m m.<\/p>\n<ol start=\"1\" type=\"1\">\n<li class=\"v1MsoNormal\"><span lang=\"SV\">Varje medlem ansvarar f\u00f6r att f\u00f6lja och h\u00e5lla sig uppdaterad om Danderyds B\u00e5tklubbs Milj\u00f6plan<\/span><\/li>\n<li class=\"v1MsoNormal\"><span lang=\"SV\">Endast milj\u00f6godk\u00e4nd b\u00e5t accepteras av Danderyds B\u00e5tklubb och inneb\u00e4r en b\u00e5t som inte \u00e4r bottenm\u00e5lad eller b\u00e5t som \u00e4r bottenm\u00e5lad och genomg\u00e5tt XRF-m\u00e4tning genomf\u00f6rd av ackrediterad firma och d\u00e4r resultatet av m\u00e4tningen ligger inom ramen f\u00f6r godk\u00e4nda gr\u00e4nsv\u00e4rden avseende milj\u00f6farliga \u00e4mnen ins\u00e4nt till klubben innan b\u00e5ten anl\u00e4nder hamnen eller varvet.<\/span><\/li>\n<li class=\"v1MsoNormal\"><span lang=\"SV\">Vid byte av b\u00e5t m\u00e5ste medlemmen kontakta hamnkapten. Om ny hamnplats beh\u00f6ver tilldelas g\u00e5r medlemmar f\u00f6re ordinarie k\u00f6. Om b\u00e5ten \u00e4r bottenm\u00e5lad m\u00e5ste nytt xrf-intyg enligt punkt tv\u00e5 s\u00e4ndas till klubben innan b\u00e5ten anl\u00e4nder hamnen eller varvet.<\/span><\/li>\n<li class=\"v1MsoNormal\"><span lang=\"SV\">Om en medlem tillf\u00e4lligt inte nyttjar sin hamnplats vid t.ex. b\u00e5tbyte, f\u00e5r platsen st\u00e5 tom i upp till 3 s\u00e4songer, d\u00e4refter m\u00e5ste medlemmen l\u00e4mna tillbaka platsen till klubben. En medlem utan hamnplats m\u00e5ste kontakta hamnkapten vid ny tilldelning, medlemmar g\u00e5r f\u00f6re ordinarie k\u00f6.<\/span><\/li>\n<li class=\"v1MsoNormal\"><span lang=\"SV\">Andrahandsuthyrning eller utl\u00e5ning \u00e4r inte till\u00e5tet och medlemmen mister sin hamnplats om detta sker.<\/span><\/li>\n<li class=\"v1MsoNormal\"><span lang=\"SV\">Om medlemmen vid anmodan inte kan uppvisa f\u00f6rs\u00e4kring f\u00f6r sin b\u00e5t mister denne sin hamn- och varvsplats.<\/span><\/li>\n<li class=\"v1MsoNormal\"><span lang=\"SV\">Hamnplatsen \u00e4r inte personlig och kan komma att bytas mot en annan under medlemskapet f\u00f6r att justera bredd p\u00e5 b\u00e5tar.<\/span><\/li>\n<li class=\"v1MsoNormal\"><span lang=\"SV\">Vid upps\u00e4gning av plats m\u00e5ste medlemmen skriftligt kontakta klubben innan 1:a januari f\u00f6r hamnplats och 30:e juli f\u00f6r varvplats p\u00e5 s\u00e4tt att undvika avgift f\u00f6r s\u00e4songen.<\/span><\/li>\n<li class=\"v1MsoNormal\"><span lang=\"SV\">B\u00e5tar f\u00e5r ej ligga i hamnen mellan sista december och f\u00f6rsta april.<\/span><\/li>\n<li class=\"v1MsoNormal\">\n<div class=\"v1elementToProof\">Som medlem med ett uppl\u00e5telseavtal till en hamnplats \u00e4r det obligatoriskt att g\u00e5 nattvakt en g\u00e5ng per sommar. Nattvakt f\u00e5r endast utf\u00f6ras av medlemmar, medlemmars familj eller del\u00e4gare i b\u00e5t. Undertecknad p\u00e5 avtal ansvar alltid f\u00f6r \u00e5tkomst till hamnen och varvet. G\u00e5r man inte nattvakt utg\u00e5r en straffavgift och fr\u00e5n och med sommaren \u00e5r 2024 g\u00e4ller att om man missar 2 nattvakter under en 5 \u00e5rsperiod s\u00e5 kan man f\u00f6rlora sin b\u00e5tplats. Ytterligare instruktioner kopplat till nattvaktens utf\u00f6rande finns i klubbhuset.<\/div>\n<div class=\"v1elementToProof\">Bokning av nattvakt g\u00f6rs digitalt i <a href=\"https:\/\/bas.batunionen.se\/\">BAS &#8211; B\u00e5tunionens Administrativa System<\/a><\/div>\n<a href=\"http:\/\/www.danderydsbk.se\/wp-content\/uploads\/2026\/03\/Instruktion_nattvakt_Danderyds_Batklubb_v2.pdf\">Instruktion f\u00f6r nattvakt<\/a><\/li>\n<li class=\"v1MsoNormal\"><span lang=\"SV\">All form av bottensanering av bottenf\u00e4rg som inneh\u00e5ller TBT eller andra farliga \u00e4mnen p\u00e5 varvet \u00e4r strikt f\u00f6rbjuden och m\u00e5ste utf\u00f6ras p\u00e5 varv och marinor som erbjuder s\u00e5dana tj\u00e4nster.<\/span><\/li>\n<\/ol>\n<h2>Milj\u00f6plan<\/h2>\n\n\n<p>Som medlem i Danderyds b\u00e5tklubb f\u00f6rbinder man sig att f\u00f6lja och h\u00e5lla sig uppdaterad b\u00e5tklubbens milj\u00f6plan. Underl\u00e5tenhet kan inneb\u00e4ra uteslutning. Milj\u00f6planen syftar till att f\u00f6lja lagar och regler f\u00f6r b\u00e5tbottenf\u00e4rger f\u00f6r fritidsb\u00e5tar p\u00e5 \u00d6stkusten f\u00f6r privatpersoner, samt att v\u00e4rna om den k\u00e4nsliga naturmilj\u00f6n inom de mark- och vattenomr\u00e5den som klubben disponerar i Nora, Danderyd. Klubben har som m\u00e5l att vara biocidfria. Milj\u00f6myndigheterna utf\u00f6r regelbundet inspektioner.<\/p>\n\n\n\n<p>Milj\u00f6planen inneh\u00e5ller:<\/p>\n\n\n\n<ul class=\"wp-block-list\">\n<li>Milj\u00f6policy<\/li>\n\n\n\n<li>Milj\u00f6regler<\/li>\n\n\n\n<li>Avfallshanteringsplan<\/li>\n\n\n\n<li>Handlingsplan vid milj\u00f6olycka<\/li>\n\n\n\n<li>Aktuella telefonnummer till kontaktpersoner i Danderyds b\u00e5tklubb<\/li>\n<\/ul>\n\n\n\n<p>Medlems underl\u00e5tenhet att f\u00f6lja de ordningsf\u00f6reskrifter som f\u00f6ljer av denna milj\u00f6plan kan inneb\u00e4ra omg\u00e5ende upps\u00e4gning av nyttjande av hamnplats samt uteslutning  efter beslut vid f\u00f6reningsm\u00f6te. Medlem ansvarar ocks\u00e5 f\u00f6r att uppdragstagare som utf\u00f6r arbete inom b\u00e5tklubbens omr\u00e5de p\u00e5 medlemmens uppdrag f\u00f6ljer dessa ordningsf\u00f6reskrifter. B\u00e5tklubben kan vidare utkr\u00e4va medlem p\u00e5 skadest\u00e5nd f\u00f6r kostnad f\u00f6r sanering av mark orsakad av underl\u00e5tenhet att f\u00f6lja milj\u00f6planen.<\/p>\n\n\n\n<p><a href=\"http:\/\/www.danderydsbk.se\/wp-content\/uploads\/2025\/12\/Miljoplan-inkl-Miljopolicy-DBK.pdf\" target=\"_blank\" rel=\"noreferrer noopener\">H\u00e4r<\/a> kan du l\u00e4sa Danderyds B\u00e5tklubbs hela milj\u00f6plan.<\/p>\n","protected":false},"excerpt":{"rendered":"<p>K\u00f6 till hamnplatsF\u00f6r att f\u00e5 hamnplats i Danderyds b\u00e5tklubb skickar du en ans\u00f6kan via Ans\u00f6k om hamnplats h\u00e4r p\u00e5 hemsidan. N\u00e4r det blir din tur i k\u00f6n kan du inte tacka nej till platsen utan att st\u00e4lla sig l\u00e4ngs bak &hellip; <a href=\"https:\/\/www.danderydsbk.se\/?page_id=469\">Forts\u00e4tt l\u00e4sa <span class=\"meta-nav\">&rarr;<\/span><\/a><\/p>\n","protected":false},"author":375,"featured_media":0,"parent":0,"menu_order":0,"comment_status":"closed","ping_status":"closed","template":"","meta":{"_price":"","_stock":"","_tribe_ticket_header":"","_tribe_default_ticket_provider":"","_tribe_ticket_capacity":"0","_ticket_start_date":"","_ticket_end_date":"","_tribe_ticket_show_description":"","_tribe_ticket_show_not_going":false,"_tribe_ticket_use_global_stock":"","_tribe_ticket_global_stock_level":"","_global_stock_mode":"","_global_stock_cap":"","_tribe_rsvp_for_event":"","_tribe_ticket_going_count":"","_tribe_ticket_not_going_count":"","_tribe_tickets_list":"[]","_tribe_ticket_has_attendee_info_fields":false,"footnotes":"","_tec_slr_enabled":"","_tec_slr_layout":""},"class_list":["post-469","page","type-page","status-publish","hentry"],"ticketed":false,"_links":{"self":[{"href":"https:\/\/www.danderydsbk.se\/index.php?rest_route=\/wp\/v2\/pages\/469","targetHints":{"allow":["GET"]}}],"collection":[{"href":"https:\/\/www.danderydsbk.se\/index.php?rest_route=\/wp\/v2\/pages"}],"about":[{"href":"https:\/\/www.danderydsbk.se\/index.php?rest_route=\/wp\/v2\/types\/page"}],"author":[{"embeddable":true,"href":"https:\/\/www.danderydsbk.se\/index.php?rest_route=\/wp\/v2\/users\/375"}],"replies":[{"embeddable":true,"href":"https:\/\/www.danderydsbk.se\/index.php?rest_route=%2Fwp%2Fv2%2Fcomments&post=469"}],"version-history":[{"count":22,"href":"https:\/\/www.danderydsbk.se\/index.php?rest_route=\/wp\/v2\/pages\/469\/revisions"}],"predecessor-version":[{"id":897,"href":"https:\/\/www.danderydsbk.se\/index.php?rest_route=\/wp\/v2\/pages\/469\/revisions\/897"}],"wp:attachment":[{"href":"https:\/\/www.danderydsbk.se\/index.php?rest_route=%2Fwp%2Fv2%2Fmedia&parent=469"}],"curies":[{"name":"wp","href":"https:\/\/api.w.org\/{rel}","templated":true}]}}